 divide 99509102?
False
Does 493 divide 390840540?
True
Is 42856248 a multiple of 140?
False
Is 178761614 a multiple of 3246?
False
Is 3147 a factor of 15836225?
False
Does 18 divide 727229700?
True
Is 2380 a factor of 50192183?
False
Is 22393986 a multiple of 712?
False
Is 74188354 a multiple of 287?
False
Is 97 a factor of 6260768?
True
Does 889 divide 85066761?
False
Is 1361073856 a multiple of 1321?
True
Is 140168810 a multiple of 685?
True
Is 259423060 a multiple of 52?
True
Is 9 a factor of 258408696?
False
Is 3589611 a multiple of 50?
False
Does 11 divide 2173942?
False
Is 583 a factor of 2419250?
False
Is 13177046 a multiple of 73?
False
Is 10 a factor of 116447669?
False
Does 3997 divide 1903001066?
False
Does 59 divide 1105515745?
True
Is 144 a factor of 1744128392?
False
Is 1578 a factor of 15298906?
False
Is 48340500 a multiple of 1850?
True
Does 24 divide 53272008?
True
Does 7 divide 911827?
True
Is 13 a factor of 214054425?
True
Is 6473187 a multiple of 63?
True
Is 631 a factor of 63604884?
False
Does 138 divide 1029803886?
True
Does 248 divide 110312136?
True
Is 185039646 a multiple of 237?
True
Is 28888805 a multiple of 41?
True
Does 607 divide 86587336?
True
Is 12222048 a multiple of 401?
False
Is 466989911 a multiple of 349?
False
Is 101673452 a multiple of 240?
False
Is 116903791 a multiple of 5413?
False
Does 16 divide 15535856?
True
Is 404 a factor of 21206339?
False
Is 68334966 a multiple of 793?
False
Does 6434 divide 1893286657?
False
Is 16 a factor of 26849184?
True
Is 550598138 a multiple of 47?
True
Is 10 a factor of 212687320?
True
Does 488 divide 647927360?
True
Is 12898 a factor of 2017131118?
True
Is 142829148 a multiple of 6538?
True
Is 13 a factor of 1934011183?
True
Does 104 divide 592960264?
True
Does 25 divide 175558901?
False
Does 215 divide 5883475?
True
Is 351057506 a multiple of 9?
False
Does 1408 divide 674860032?
True
Does 14 divide 18457422?
False
Is 4 a factor of 460747296?
True
Is 409744908 a multiple of 138?
True
Is 753989980 a multiple of 396?
False
Is 320 a factor of 75041975?
False
Is 1685386934 a multiple of 5354?
False
Is 564830925 a multiple of 8?
False
Is 122541078 a multiple of 1779?
True
Does 408 divide 3034841088?
True
Is 2304 a factor of 134091807?
False
Does 294 divide 64573900?
False
Is 1249 a factor of 84215442?
False
Does 538 divide 150951270?
False
Is 376 a factor of 344743496?
True
Does 1029 divide 1395627185?
False
Is 2114 a factor of 28071806?
True
Is 155 a factor of 231504683?
False
Is 290186196 a multiple of 38?
False
Does 26 divide 801554832?
True
Is 18 a factor of 1463108192?
False
Is 1294 a factor of 103584700?
True
Is 370 a factor of 58554720?
True
Is 144 a factor of 11729203?
False
Is 80220972 a multiple of 516?
True
Is 170250301 a multiple of 13?
True
Does 426 divide 541931741?
False
Does 61 divide 98191822?
True
Is 160 a factor of 105206880?
True
Is 1438992 a multiple of 16?
True
Is 2 a factor of 234072489?
False
Is 26 a factor of 35211204?
False
Is 14 a factor of 30233371?
False
Is 660835851 a multiple of 11?
False
Is 238156078 a multiple of 3596?
False
Does 7540 divide 2253413597?
False
Is 222736952 a multiple of 8?
True
Is 799 a factor of 82426482?
False
Is 79110542 a multiple of 14?
True
Is 20 a factor of 562871906?
False
Does 211 divide 967458072?
False
Is 191 a factor of 506023749?
True
Is 22 a factor of 1924019306?
True
Is 24 a factor of 236093160?
True
Does 1579 divide 1413483461?
False
Is 81204251 a multiple of 1828?
False
Is 2111048831 a multiple of 4503?
False
Does 76 divide 1356332404?
True
Is 262 a factor of 56395653?
False
Is 171611790 a multiple of 402?
True
Does 57 divide 247875504?
False
Is 198605655 a multiple of 293?
True
Does 364 divide 132659800?
True
Does 7 divide 1364445419?
False
Does 11 divide 624513527?
True
Is 40314651 a multiple of 15?
False
Is 11 a factor of 660255759?
False
Is 754387347 a multiple of 470?
False
Is 444531474 a multiple of 2720?
False
Is 127351067 a multiple of 71?
True
Is 43 a factor of 454204270?
True
Does 28 divide 48499850?
False
Does 65 divide 33377825?
True
Does 75 divide 986675435?
False
Does 763 divide 16363157?
False
Is 169221857 a multiple of 293?
True
Does 4888 divide 1412641776?
True
Is 1290 a factor of 5288689?
False
Is 610 a factor of 1565702250?
True
Does 393 divide 50315397?
True
Is 163 a factor of 544561707?
False
Is 1080131200 a multiple of 16?
True
Is 20 a factor of 1002040?
True
Is 182 a factor of 360708530?
True
Does 329 divide 5965558613?
True
Is 92370384 a multiple of 12?
True
Is 679 a factor of 9630271?
False
Is 50916505 a multiple of 794?
False
Is 30 a factor of 331441044?
False
Is 1744 a factor of 2334017872?
True
Does 12 divide 53211774?
False
Is 4122 a factor of 4772826702?
True
Is 2784564978 a multiple of 5629?
True
Does 37 divide 7497996?
False
Is 632 a factor of 42328200?
True
Is 88747489 a multiple of 53?
False
Is 172 a factor of 44086321?
False
Is 68711226 a multiple of 453?
False
Does 23 divide 31680188?
False
Is 23 a factor of 1934031429?
True
Does 138 divide 310746327?
False
Is 7550047 a multiple of 51?
False
Does 245 divide 129616961?
False
Is 1482065153 a multiple of 539?
False
Is 20 a factor of 34280140?
True
Does 494 divide 12302152?
False
Does 1307 divide 1451137267?
True
Does 487 divide 88466959?
True
Does 354 divide 6242374758?
True
Is 86634990 a multiple of 90?
True
Is 88 a factor of 152612696?
False
Is 4032831 a multiple of 11?
True
Is 2535 a factor of 373201305?
False
Is 533696128 a multiple of 317?
True
Does 1680 divide 107272285?
False
Is 131 a factor of 243638516?
True
Does 8 divide 72664?
True
Is 2065151 a multiple of 115?
False
Is 105531418 a multiple of 9?
False
Is 553966750 a multiple of 196?
False
Is 923 a factor of 45079320?
True
Is 15957748 a multiple of 7?
False
Does 9 divide 173404465?
False
Is 18505905 a multiple of 18?
False
Is 96275985 a multiple of 15?
True
Is 230293815 a multiple of 7?
False
Is 1050896768 a multiple of 158?
False
Is 3314251 a multiple of 12?
False
Does 406 divide 3032325490?
False
Is 756923756 a multiple of 50?
False
Is 69 a factor of 250178900?
False
Is 131290428 a multiple of 1611?
False
Is 876 a factor of 21701733?
False
Is 14088724 a multiple of 52?
True
Is 524 a factor of 316611971?
False
Does 42 divide 1784021?
False
Is 319963450 a multiple of 119?
False
Is 14 a factor of 39150300?
True
Is 2747347647 a multiple of 26?
False
Is 9321674 a multiple of 23?
False
Is 31 a factor of 442035293?
True
Is 14 a factor of 31628506?
True
Does 1432 divide 2161715696?
True
Is 4531 a factor of 1316509236?
True
Is 1600463967 a multiple of 216?
False
Is 41 a factor of 640757348?
True
Does 1983 divide 94311365?
False
Does 56 divide 13298748?
False
Is 475 a factor of 5408564?
False
Is 8 a factor of 182479849?
False
Does 21 divide 272281863?
True
Is 34 a factor of 2206248?
False
Is 67 a factor of 228462362?
True
Is 139762080 a multiple of 15?
True
Is 16 a factor of 3546707565?
False
Does 35 divide 76561321?
False
Is 55546121 a multiple of 1465?
False
Is 19 a factor of 19523089?
True
Is 189 a factor of 292864383?
True
Is 550018100 a multiple of 3925?
True
Is 81 a factor of 219002803?
False
Is 192797394 a multiple of 174?
True
Does 252 divide 30295297?
False
Does 48 divide 2079468240?
True
Is 57307044 a multiple of 354?
False
Does 39 divide 63414607?
False
Is 69 a factor of 28201395?
False
Does 6470 divide 2089149856?
False
Is 74 a factor of 3421168?
True
Is 107 a factor of 632813087?
True
Is 345249944 a multiple of 3868?
True
Is 2179510703 a multiple of 14?
False
Does 37 divide 2113514?
True
Is 180795180 a multiple of 76?
False
Does 68 divide 157406271?
False
Does 5 divide 154997770?
True
Does 3209 divide 892926713?
True
Does 3070 divide 619596610?
True
Is 12 a factor of 2114961300?
True
Is 16 a factor of 342544816?
True
Is 2892 a factor of 212492592?
True
Is 23 a factor of 68833204?
True
Does 5 divide 515528220?
True
Is 137 a factor of 116336153?
True
Is 254 a factor of 24688218?
False
Is 5 a factor of 112661278?
False
Is 764184382 a multiple of 101?
True
Is 22 a factor of 2418910?
False
Is 7016854 a multiple of 228?
False
Is 33 a factor of 640002?
True
Is 79283556 a multiple of 99?
True
Does 9 divide 25127235?
True
Is 1635452 a multiple of 14?
True
Is 748539